igit of 7203690?
0
What is the hundred thousands digit of 5441369?
4
What is the ten thousands digit of 946462?
4
What is the hundred thousands digit of 495095?
4
What is the hundred thousands digit of 244382?
2
What is the thousands digit of 376137?
6
What is the millions digit of 14026794?
4
What is the hundred thousands digit of 369277?
3
What is the ten thousands digit of 6970871?
7
What is the hundreds digit of 1352233?
2
What is the thousands digit of 6775557?
5
What is the ten thousands digit of 108851?
0
What is the tens digit of 337138?
3
What is the units digit of 177051?
1
What is the hundred thousands digit of 3517645?
5
What is the hundred thousands digit of 636238?
6
What is the thousands digit of 243725?
3
What is the ten thousands digit of 4645257?
4
What is the tens digit of 13343103?
0
What is the hundreds digit of 6892408?
4
What is the hundred thousands digit of 20582547?
5
What is the thousands digit of 224384?
4
What is the hundreds digit of 168312?
3
What is the hundreds digit of 18745?
7
What is the hundred thousands digit of 588345?
5
What is the hundred thousands digit of 1837516?
8
What is the thousands digit of 16894500?
4
What is the hundreds digit of 1667593?
5
What is the hundred thousands digit of 569576?
5
What is the millions digit of 1169521?
1
What is the hundreds digit of 10451345?
3
What is the ten thousands digit of 195633?
9
What is the hundreds digit of 11022195?
1
What is the hundred thousands digit of 13611467?
6
What is the tens digit of 134196?
9
What is the hundreds digit of 2159910?
9
What is the thousands digit of 227425?
7
What is the tens digit of 11682?
8
What is the hundreds digit of 883529?
5
What is the tens digit of 7093355?
5
What is the hundreds digit of 9838178?
1
What is the tens digit of 7513?
1
What is the hundred thousands digit of 5363105?
3
What is the tens digit of 212447?
4
What is the units digit of 346480?
0
What is the hundred thousands digit of 1312010?
3
What is the ten thousands digit of 800788?
0
What is the hundred thousands digit of 14695222?
6
What is the thousands digit of 217708?
7
What is the millions digit of 1271369?
1
What is the hundreds digit of 2517875?
8
What is the millions digit of 1716507?
1
What is the ten thousands digit of 348707?
4
What is the tens digit of 4509791?
9
What is the hundreds digit of 4534?
5
What is the hundred thousands digit of 7113478?
1
What is the ten thousands digit of 3230514?
3
What is the tens digit of 637108?
0
What is the hundred thousands digit of 2066306?
0
What is the ten thousands digit of 631442?
3
What is the units digit of 462998?
8
What is the ten thousands digit of 44325?
4
What is the hundred thousands digit of 11793239?
7
What is the hundred thousands digit of 295009?
2
What is the units digit of 162843?
3
What is the millions digit of 3156707?
3
What is the hundreds digit of 620231?
2
What is the hundred thousands digit of 16417163?
4
What is the hundreds digit of 609422?
4
What is the ten thousands digit of 14467?
1
What is the ten thousands digit of 1110135?
1
What is the tens digit of 3277504?
0
What is the tens digit of 679681?
8
What is the millions digit of 20117297?
0
What is the hundred thousands digit of 12258867?
2
What is the ten thousands digit of 2480145?
8
What is the units digit of 593573?
3
What is the hundred thousands digit of 1640239?
6
What is the ten thousands digit of 431852?
3
What is the hundreds digit of 133583?
5
What is the hundred thousands digit of 2066818?
0
What is the millions digit of 9298597?
9
What is the units digit of 3006879?
9
What is the tens digit of 718623?
2
What is the ten thousands digit of 427439?
2
What is the thousands digit of 697328?
7
What is the thousands digit of 1167056?
7
What is the hundreds digit of 10685264?
2
What is the tens digit of 705697?
9
What is the hundreds digit of 2147278?
2
What is the hundreds digit of 4805569?
5
What is the units digit of 1533332?
2
What is the hundreds digit of 2273355?
3
What is the tens digit of 153351?
5
What is the thousands digit of 781348?
1
What is the hundreds digit of 171055?
0
What is the hundred thousands digit of 169340?
1
What is the hundred thousands digit of 172225?
1
What is the units digit of 1211534?
4
What is the hundred thousands digit of 17526253?
5
What is the millions digit of 2438554?
2
What is the tens digit of 777031?
3
What is the ten thousands digit of 1649941?
4
What is the hundreds digit of 810863?
8
What is the hundred thousands digit of 1734294?
7
What is the hundreds digit of 522955?
9
What is the hundreds digit of 2014879?
8
What is the millions digit of 3483450?
3
What is the hundreds digit of 20055489?
4
What is the ten thousands digit of 917308?
1
What is the hundred thousands digit of 1653950?
6
What is the ten thousands digit of 2324647?
2
What is the thousands digit of 4585044?
5
What is the thousands digit of 158183?
8
What is the hundreds digit of 653506?
5
What is the hundreds digit of 486700?
7
What is the ten thousands digit of 3707587?
0
What is the tens digit of 4403976?
7
What is the hundred thousands digit of 431227?
4
What is the ten thousands digit of 9772375?
7
What is the hundreds digit of 7636238?
2
What is the units digit of 3855?
5
What is the millions digit of 1814180?
1
What is the ten millions digit of 17193507?
1
What is the ten thousands digit of 2265152?
6
What is the hundred thousands digit of 7597021?
5
What is the tens digit of 11081458?
5
What is the hundreds digit of 24294449?
4
What is the units digit of 119942?
2
What is the tens digit of 4401431?
3
What is the hundred thousands digit of 914344?
9
What is the millions digit of 2354867?
2
What is the units digit of 39979778?
8
What is the thousands digit of 4186032?
6
What is the thousands digit of 4068209?
8
What is the hundred thousands digit of 906522?
9
What is the tens digit of 97182?
8
What is the tens digit of 430547?
4
What is the tens digit of 35350?
5
What is the tens digit of 395021?
2
What is the units digit of 1799638?
8
What is the thousands digit of 1765396?
5
What is the thousands digit of 10127704?
7
What is the ten thousands digit of 795195?
9
What is the millions digit of 1107049?
1
What is the hundred thousands digit of 1881451?
8
What is the thousands digit of 6962032?
2
What is the hundreds digit of 4267568?
5
What is the tens digit of 4788237?
3
What is the units digit of 75977?
7
What is the hundreds digit of 356148?
1
What is the ten thousands digit of 1402415?
0
What is the hundreds digit of 6684540?
5
What is the hundreds digit of 60748?
7
What is the ten thousands digit of 3849905?
4
What is the thousands digit of 488144?
8
What is the tens digit of 4473175?
7
What is the thousands digit of 1023603?
3
What is the ten thousands digit of 1420060?
2
What is the tens digit of 877227?
2
What is the hundred thousands digit of 15463931?
4
What is the millions digit of 3040733?
3
What is the thousands digit of 339313?
9
What is the thousands digit of 497400?
7
What is the thousands digit of 347636?
7
What is the hundred thousands digit of 166214?
1
What is the thousands digit of 1826600?
6
What is the hundred thousands digit of 616582?
6
What is the thousands digit of 788885?
8
What is the thousands digit of 7890387?
0
What is the ten thousands digit of 302419?
0
What is the hundred thousands digit of 4940652?
9
What is the millions digit of 16493666?
6
What is the tens digit of 357313?
1
What is the hundreds digit of 151427?
4
What is the hundred thousands digit of 158466?
1
What is the hundred thousands digit of 1770559?
7
What is the ten thousands digit of 5267165?
6
What is the units digit of 5802304?
4
What is the ten thousands digit of 265209?
6
What is the ten millions digit of 17362976?
1
What is the units digit of 18612?
2
What is the units digit of 299702?
2
What is the tens digit of 2100608?
0
What is the hundreds digit of 142695?
6
What is the hundred thousands digit of 377517?
3
What is the ten thousands digit of 507495?
0
What is the tens digit of 516147?
4
What is the units digit of 101950?
0
What is the tens digit of 146539?
3
What is the tens digit of 257924?
2
What is the tens digit of 941096?
9
What is the units digit of 10162118?
8
What is the tens digit of 2551393?
